{"id":38,"date":"2018-11-08T18:50:36","date_gmt":"2018-11-08T18:50:36","guid":{"rendered":"http:\/\/www.mielikuva.org\/fi\/?page_id=38"},"modified":"2022-03-21T18:59:24","modified_gmt":"2022-03-21T18:59:24","slug":"nayttelyt","status":"publish","type":"page","link":"https:\/\/www.mielikuva.org\/fi\/tapahtumia\/nayttelyt\/","title":{"rendered":"N\u00e4yttelyt"},"content":{"rendered":"\n<h3 class=\"wp-block-heading\">Ajankohtaista<\/h3>\n\n\n\n<figure class=\"wp-block-image size-large\"><a href=\"http:\/\/www.mielikuva.org\/fi\/wp-content\/uploads\/2022\/03\/metsa.jpg\"><img loading=\"lazy\" decoding=\"async\" width=\"1024\" height=\"725\" src=\"http:\/\/www.mielikuva.org\/fi\/wp-content\/uploads\/2022\/03\/metsa-1024x725.jpg\" alt=\"Mets\u00e4-n\u00e4yttely 22.3.-8.4.2022\" class=\"wp-image-435\" srcset=\"https:\/\/www.mielikuva.org\/fi\/wp-content\/uploads\/2022\/03\/metsa-1024x725.jpg 1024w, https:\/\/www.mielikuva.org\/fi\/wp-content\/uploads\/2022\/03\/metsa-300x212.jpg 300w, https:\/\/www.mielikuva.org\/fi\/wp-content\/uploads\/2022\/03\/metsa-768x544.jpg 768w, https:\/\/www.mielikuva.org\/fi\/wp-content\/uploads\/2022\/03\/metsa-1536x1088.jpg 1536w, https:\/\/www.mielikuva.org\/fi\/wp-content\/uploads\/2022\/03\/metsa.jpg 2048w\" sizes=\"auto, (max-width: 1024px) 100vw, 1024px\" \/><\/a><\/figure>\n\n\n\n<p>22.3.-8.4.2022 Mets\u00e4-n\u00e4yttely Yl\u00f6j\u00e4rven p\u00e4\u00e4kirjasto Leijassa (Koivum\u00e4entie 2, Yl\u00f6j\u00e4rvi)<\/p>\n\n\n\n<h3 class=\"wp-block-heading\">Aikaisempia n\u00e4yttelyit\u00e4<\/h3>\n\n\n\n<p>7.4.2021 <a href=\"https:\/\/photoclubvision.fi\/exhibition\/category\/5th-vision-exhibition\/\">5th International Digital Exhibition Vision 2021<\/a>.<\/p>\n\n\n\n<p>19.-28.2.2020 <a href=\"https:\/\/photoclubvision.fi\/exhibition\/category\/4th-vision-exhibition\/\">4th International Digital Exhibition Vision 2020<\/a>.<\/p>\n\n\n\n<p>18.-28.2.2020 mielikuvalaisten palkittuja kuvia vuosien varrelta esill\u00e4 p\u00e4\u00e4kirjasto Leijassa.<\/p>\n\n\n\n<p>12.-.28.6.2019 <a href=\"https:\/\/photoclubvision.fi\/exhibition\/category\/3rd-vision-exhibition\/\">3rd&nbsp;International Digital Exhibition Vision 2019<\/a>.<\/p>\n\n\n\n<p>4.-28.6.2019 <a href=\"http:\/\/www.mielikuva.org\/fi\/tapahtumat\/vuodenajat-nayttely\/\">Vuodenajat-n\u00e4yttely<\/a> p\u00e4\u00e4kirjasto Leijassa.<\/p>\n\n\n\n<p>21.1.-9.2.2019 <a href=\"https:\/\/www.mielikuva.org\/fi\/tapahtumat\/ylojarvi-kuvia-leijassa-2019\/\">Yl\u00f6j\u00e4rvi-aiheinen n\u00e4yttely<\/a> p\u00e4\u00e4kirjasto Leijassa.<\/p>\n\n\n\n<figure class=\"wp-block-image\"><a href=\"http:\/\/www.mielikuva.org\/fi\/wp-content\/uploads\/2018\/12\/10-vuotisjuhlan\u00e4yttely.jpg\"><img loading=\"lazy\" decoding=\"async\" width=\"1024\" height=\"576\" src=\"http:\/\/www.mielikuva.org\/fi\/wp-content\/uploads\/2018\/12\/10-vuotisjuhlan\u00e4yttely-1024x576.jpg\" alt=\"\" class=\"wp-image-122\" srcset=\"https:\/\/www.mielikuva.org\/fi\/wp-content\/uploads\/2018\/12\/10-vuotisjuhlan\u00e4yttely-1024x576.jpg 1024w, https:\/\/www.mielikuva.org\/fi\/wp-content\/uploads\/2018\/12\/10-vuotisjuhlan\u00e4yttely-300x169.jpg 300w, https:\/\/www.mielikuva.org\/fi\/wp-content\/uploads\/2018\/12\/10-vuotisjuhlan\u00e4yttely-768x432.jpg 768w, https:\/\/www.mielikuva.org\/fi\/wp-content\/uploads\/2018\/12\/10-vuotisjuhlan\u00e4yttely.jpg 2048w\" sizes=\"auto, (max-width: 1024px) 100vw, 1024px\" \/><\/a><\/figure>\n\n\n\n<p>Kameraseura Mielikuvan 10-vuotisjuhlan\u00e4yttely oli avoinna Yl\u00f6j\u00e4rven p\u00e4\u00e4kirjasto Leijassa 20.8.-9.9.2018. N\u00e4yttelyss\u00e4 oli esill\u00e4 74 kuvaa 25 kuvaajalta.<\/p>\n\n\n\n<p>Kes\u00e4ll\u00e4 2018 Kameraseura Mielikuva j\u00e4rjesti toisen oman kansainv\u00e4lisen n\u00e4yttelyns\u00e4, <a href=\"https:\/\/photoclubvision.fi\/exhibition\/previous-exhibitions\/\">2nd International Digital Exhibition Vision 2018<\/a>. N\u00e4yttelyn avajaiset olivat 4.6.2018 Yl\u00f6j\u00e4rven p\u00e4\u00e4kirjasto Leijassa.<\/p>\n\n\n\n<p>Seuramme juhlisti itsen\u00e4isyyden juhlavuotta omalla n\u00e4yttelyll\u00e4 p\u00e4\u00e4kirjasto Leijassa 4.9.-23.9.2017 teemalla \u201dOi maamme Suomi\u201d.<\/p>\n\n\n\n<p>Kameraseuran Mielikuvan ensimm\u00e4inen oma kansainv\u00e4linen n\u00e4yttely <a href=\"https:\/\/photoclubvision.fi\/exhibition\/previous-exhibitions\/\">1st International Digital Exhibition Vision 2017<\/a> avattiin 5.4.2017 p\u00e4\u00e4kirjasto Leijassa.<\/p>\n\n\n\n<p>Kameraseura Mielikuva j\u00e4rjesti Suomen Kameraseurojen Liiton L\u00e4hell\u00e4- teeman\u00e4yttelyn 2015 Yl\u00f6j\u00e4rvell\u00e4 Kauppakeskus Elossa (Elotie 1) 24.10.-7.11.2015.<\/p>\n\n\n\n<p>Seuran viisivuotisjuhlan\u00e4yttely Kotiseutuja oli Yl\u00f6j\u00e4rven p\u00e4\u00e4kirjasto Leijassa 1.-19.10.2013.<\/p>\n\n\n\n<p>Kameraseura Mielikuva j\u00e4rjesti Suomen Kameraseurojen Liiton vuosin\u00e4yttelyn 2013 Kauppakeskus Elossa 6.4.-20.4.2013.<\/p>\n\n\n\n<p>Samassa paikassa oli n\u00e4ht\u00e4vill\u00e4 seuran j\u00e4senten kuvia touko-kes\u00e4kuun vaihteessa 2012.<\/p>\n\n\n\n<p>Leijassa 3.9.-23.9.2012 n\u00e4yttelyn teemana oli Matkalla Suomessa.<\/p>\n","protected":false},"excerpt":{"rendered":"<p>Ajankohtaista 22.3.-8.4.2022 Mets\u00e4-n\u00e4yttely Yl\u00f6j\u00e4rven p\u00e4\u00e4kirjasto Leijassa (Koivum\u00e4entie 2, Yl\u00f6j\u00e4rvi) Aikaisempia n\u00e4yttelyit\u00e4 7.4.2021 5th International Digital Exhibition Vision 2021. 19.-28.2.2020 4th International Digital Exhibition Vision 2020. 18.-28.2.2020 mielikuvalaisten palkittuja kuvia vuosien varrelta esill\u00e4 p\u00e4\u00e4kirjasto Leijassa. 12.-.28.6.2019 3rd&nbsp;International Digital Exhibition Vision 2019. 4.-28.6.2019 Vuodenajat-n\u00e4yttely p\u00e4\u00e4kirjasto Leijassa. 21.1.-9.2.2019 Yl\u00f6j\u00e4rvi-aiheinen n\u00e4yttely p\u00e4\u00e4kirjasto Leijassa. Kameraseura Mielikuvan 10-vuotisjuhlan\u00e4yttely oli avoinna Yl\u00f6j\u00e4rven&hellip; <a href=\"https:\/\/www.mielikuva.org\/fi\/tapahtumia\/nayttelyt\/\" class=\"more-link\">Jatka lukemista <span class=\"screen-reader-text\">N\u00e4yttelyt<\/span><\/a><\/p>\n","protected":false},"author":1,"featured_media":0,"parent":30,"menu_order":0,"comment_status":"closed","ping_status":"closed","template":"","meta":{"jetpack_post_was_ever_published":false,"footnotes":""},"tags":[],"class_list":["post-38","page","type-page","status-publish","hentry","without-featured-image"],"jetpack_sharing_enabled":true,"jetpack_shortlink":"https:\/\/wp.me\/PauhWd-C","_links":{"self":[{"href":"https:\/\/www.mielikuva.org\/fi\/wp-json\/wp\/v2\/pages\/38","targetHints":{"allow":["GET"]}}],"collection":[{"href":"https:\/\/www.mielikuva.org\/fi\/wp-json\/wp\/v2\/pages"}],"about":[{"href":"https:\/\/www.mielikuva.org\/fi\/wp-json\/wp\/v2\/types\/page"}],"author":[{"embeddable":true,"href":"https:\/\/www.mielikuva.org\/fi\/wp-json\/wp\/v2\/users\/1"}],"replies":[{"embeddable":true,"href":"https:\/\/www.mielikuva.org\/fi\/wp-json\/wp\/v2\/comments?post=38"}],"version-history":[{"count":9,"href":"https:\/\/www.mielikuva.org\/fi\/wp-json\/wp\/v2\/pages\/38\/revisions"}],"predecessor-version":[{"id":438,"href":"https:\/\/www.mielikuva.org\/fi\/wp-json\/wp\/v2\/pages\/38\/revisions\/438"}],"up":[{"embeddable":true,"href":"https:\/\/www.mielikuva.org\/fi\/wp-json\/wp\/v2\/pages\/30"}],"wp:attachment":[{"href":"https:\/\/www.mielikuva.org\/fi\/wp-json\/wp\/v2\/media?parent=38"}],"wp:term":[{"taxonomy":"post_tag","embeddable":true,"href":"https:\/\/www.mielikuva.org\/fi\/wp-json\/wp\/v2\/tags?post=38"}],"curies":[{"name":"wp","href":"https:\/\/api.w.org\/{rel}","templated":true}]}}

Näyttelyt

<h3 class="wp-block-heading">Ajankohtaista</h3>



<figure class="wp-block-image size-large"><a href="http://www.mielikuva.org/fi/wp-content/uploads/2022/03/metsa.jpg"><img loading="lazy" decoding="async" width="1024" height="725" src="http://www.mielikuva.org/fi/wp-content/uploads/2022/03/metsa-1024x725.jpg" alt="Metsä-näyttely 22.3.-8.4.2022" class="wp-image-435" srcset="https://www.mielikuva.org/fi/wp-content/uploads/2022/03/metsa-1024x725.jpg 1024w, https://www.mielikuva.org/fi/wp-content/uploads/2022/03/metsa-300x212.jpg 300w, https://www.mielikuva.org/fi/wp-content/uploads/2022/03/metsa-768x544.jpg 768w, https://www.mielikuva.org/fi/wp-content/uploads/2022/03/metsa-1536x1088.jpg 1536w, https://www.mielikuva.org/fi/wp-content/uploads/2022/03/metsa.jpg 2048w" sizes="auto, (max-width: 1024px) 100vw, 1024px" /></a></figure>



<p>22.3.-8.4.2022 Metsä-näyttely Ylöjärven pääkirjasto Leijassa (Koivumäentie 2, Ylöjärvi)</p>



<h3 class="wp-block-heading">Aikaisempia näyttelyitä</h3>



<p>7.4.2021 <a href="https://photoclubvision.fi/exhibition/category/5th-vision-exhibition/">5th International Digital Exhibition Vision 2021</a>.</p>



<p>19.-28.2.2020 <a href="https://photoclubvision.fi/exhibition/category/4th-vision-exhibition/">4th International Digital Exhibition Vision 2020</a>.</p>



<p>18.-28.2.2020 mielikuvalaisten palkittuja kuvia vuosien varrelta esillä pääkirjasto Leijassa.</p>



<p>12.-.28.6.2019 <a href="https://photoclubvision.fi/exhibition/category/3rd-vision-exhibition/">3rd&nbsp;International Digital Exhibition Vision 2019</a>.</p>



<p>4.-28.6.2019 <a href="http://www.mielikuva.org/fi/tapahtumat/vuodenajat-nayttely/">Vuodenajat-näyttely</a> pääkirjasto Leijassa.</p>



<p>21.1.-9.2.2019 <a href="https://www.mielikuva.org/fi/tapahtumat/ylojarvi-kuvia-leijassa-2019/">Ylöjärvi-aiheinen näyttely</a> pääkirjasto Leijassa.</p>



<figure class="wp-block-image"><a href="http://www.mielikuva.org/fi/wp-content/uploads/2018/12/10-vuotisjuhlanäyttely.jpg"><img loading="lazy" decoding="async" width="1024" height="576" src="http://www.mielikuva.org/fi/wp-content/uploads/2018/12/10-vuotisjuhlanäyttely-1024x576.jpg" alt="" class="wp-image-122" srcset="https://www.mielikuva.org/fi/wp-content/uploads/2018/12/10-vuotisjuhlanäyttely-1024x576.jpg 1024w, https://www.mielikuva.org/fi/wp-content/uploads/2018/12/10-vuotisjuhlanäyttely-300x169.jpg 300w, https://www.mielikuva.org/fi/wp-content/uploads/2018/12/10-vuotisjuhlanäyttely-768x432.jpg 768w, https://www.mielikuva.org/fi/wp-content/uploads/2018/12/10-vuotisjuhlanäyttely.jpg 2048w" sizes="auto, (max-width: 1024px) 100vw, 1024px" /></a></figure>



<p>Kameraseura Mielikuvan 10-vuotisjuhlanäyttely oli avoinna Ylöjärven pääkirjasto Leijassa 20.8.-9.9.2018. Näyttelyssä oli esillä 74 kuvaa 25 kuvaajalta.</p>



<p>Kesällä 2018 Kameraseura Mielikuva järjesti toisen oman kansainvälisen näyttelynsä, <a href="https://photoclubvision.fi/exhibition/previous-exhibitions/">2nd International Digital Exhibition Vision 2018</a>. Näyttelyn avajaiset olivat 4.6.2018 Ylöjärven pääkirjasto Leijassa.</p>



<p>Seuramme juhlisti itsenäisyyden juhlavuotta omalla näyttelyllä pääkirjasto Leijassa 4.9.-23.9.2017 teemalla ”Oi maamme Suomi”.</p>



<p>Kameraseuran Mielikuvan ensimmäinen oma kansainvälinen näyttely <a href="https://photoclubvision.fi/exhibition/previous-exhibitions/">1st International Digital Exhibition Vision 2017</a> avattiin 5.4.2017 pääkirjasto Leijassa.</p>



<p>Kameraseura Mielikuva järjesti Suomen Kameraseurojen Liiton Lähellä- teemanäyttelyn 2015 Ylöjärvellä Kauppakeskus Elossa (Elotie 1) 24.10.-7.11.2015.</p>



<p>Seuran viisivuotisjuhlanäyttely Kotiseutuja oli Ylöjärven pääkirjasto Leijassa 1.-19.10.2013.</p>



<p>Kameraseura Mielikuva järjesti Suomen Kameraseurojen Liiton vuosinäyttelyn 2013 Kauppakeskus Elossa 6.4.-20.4.2013.</p>



<p>Samassa paikassa oli nähtävillä seuran jäsenten kuvia touko-kesäkuun vaihteessa 2012.</p>



<p>Leijassa 3.9.-23.9.2012 näyttelyn teemana oli Matkalla Suomessa.</p>

<p>Ajankohtaista 22.3.-8.4.2022 Metsä-näyttely Ylöjärven pääkirjasto Leijassa (Koivumäentie 2, Ylöjärvi) Aikaisempia näyttelyitä 7.4.2021 5th International Digital Exhibition Vision 2021. 19.-28.2.2020 4th International Digital Exhibition Vision 2020. 18.-28.2.2020 mielikuvalaisten palkittuja kuvia vuosien varrelta esillä pääkirjasto Leijassa. 12.-.28.6.2019 3rd&nbsp;International Digital Exhibition Vision 2019. 4.-28.6.2019 Vuodenajat-näyttely pääkirjasto Leijassa. 21.1.-9.2.2019 Ylöjärvi-aiheinen näyttely pääkirjasto Leijassa. Kameraseura Mielikuvan 10-vuotisjuhlanäyttely oli avoinna Ylöjärven&hellip; <a href="https://www.mielikuva.org/fi/tapahtumia/nayttelyt/" class="more-link">Jatka lukemista <span class="screen-reader-text">Näyttelyt</span></a></p>
